n 441 is divided by 31.
7
What is the remainder when 3087 is divided by 10?
7
What is the remainder when 1242 is divided by 83?
80
Calculate the remainder when 639 is divided by 153.
27
Calculate the remainder when 291 is divided by 11.
5
Calculate the remainder when 537 is divided by 138.
123
What is the remainder when 279 is divided by 130?
19
What is the remainder when 34 is divided by 7?
6
Calculate the remainder when 42 is divided by 38.
4
What is the remainder when 180 is divided by 91?
89
What is the remainder when 100 is divided by 24?
4
What is the remainder when 419 is divided by 66?
23
What is the remainder when 1340 is divided by 184?
52
Calculate the remainder when 51791 is divided by 104.
103
Calculate the remainder when 220 is divided by 37.
35
What is the remainder when 33 is divided by 17?
16
What is the remainder when 395 is divided by 66?
65
What is the remainder when 495 is divided by 27?
9
Calculate the remainder when 53 is divided by 7.
4
What is the remainder when 494 is divided by 100?
94
What is the remainder when 257 is divided by 53?
45
Calculate the remainder when 561 is divided by 138.
9
Calculate the remainder when 723 is divided by 231.
30
What is the remainder when 10256 is divided by 171?
167
Calculate the remainder when 1021 is divided by 88.
53
Calculate the remainder when 10929 is divided by 17.
15
Calculate the remainder when 1283 is divided by 54.
41
Calculate the remainder when 352 is divided by 91.
79
What is the remainder when 171 is divided by 32?
11
Calculate the remainder when 356 is divided by 119.
118
Calculate the remainder when 879 is divided by 292.
3
Calculate the remainder when 3050 is divided by 18.
8
What is the remainder when 349 is divided by 75?
49
What is the remainder when 346 is divided by 35?
31
What is the remainder when 1082 is divided by 107?
12
What is the remainder when 6069 is divided by 69?
66
What is the remainder when 3530 is divided by 17?
11
What is the remainder when 1408 is divided by 358?
334
Calculate the remainder when 1150 is divided by 9.
7
What is the remainder when 258 is divided by 26?
24
Calculate the remainder when 73 is divided by 12.
1
Calculate the remainder when 4649 is divided by 290.
9
Calculate the remainder when 88 is divided by 5.
3
What is the remainder when 198 is divided by 54?
36
What is the remainder when 221 is divided by 75?
71
Calculate the remainder when 470 is divided by 229.
12
Calculate the remainder when 743 is divided by 149.
147
What is the remainder when 473 is divided by 32?
25
What is the remainder when 2437 is divided by 20?
17
What is the remainder when 1233 is divided by 13?
11
What is the remainder when 1006 is divided by 46?
40
Calculate the remainder when 737 is divided by 104.
9
Calculate the remainder when 306 is divided by 46.
30
Calculate the remainder when 483 is divided by 180.
123
Calculate the remainder when 626 is divided by 35.
31
Calculate the remainder when 1527 is divided by 268.
187
Calculate the remainder when 751 is divided by 94.
93
What is the remainder when 2093 is divided by 521?
9
What is the remainder when 1496 is divided by 150?
146
Calculate the remainder when 2742 is divided by 45.
42
Calculate the remainder when 1115 is divided by 86.
83
Calculate the remainder when 882 is divided by 26.
24
What is the remainder when 5762 is divided by 17?
16
What is the remainder when 915 is divided by 34?
31
What is the remainder when 548 is divided by 19?
16
Calculate the remainder when 676 is divided by 19.
11
Calculate the remainder when 48 is divided by 21.
6
What is the remainder when 1850 is divided by 143?
134
Calculate the remainder when 1124 is divided by 23.
20
What is the remainder when 86 is divided by 9?
5
Calculate the remainder when 250 is divided by 65.
55
Calculate the remainder when 261 is divided by 8.
5
Calculate the remainder when 48 is divided by 31.
17
What is the remainder when 3569 is divided by 38?
35
What is the remainder when 969 is divided by 68?
17
Calculate the remainder when 1482 is divided by 16.
10
What is the remainder when 717 is divided by 26?
15
Calculate the remainder when 294 is divided by 93.
15
Calculate the remainder when 55 is divided by 6.
1
Calculate the remainder when 119 is divided by 19.
5
Calculate the remainder when 493 is divided by 25.
18
Calculate the remainder when 2000 is divided by 334.
330
Calculate the remainder when 154 is divided by 1.
0
What is the remainder when 166 is divided by 56?
54
What is the remainder when 1022 is divided by 4?
2
Calculate the remainder when 122 is divided by 4.
2
Calculate the remainder when 74 is divided by 8.
2
What is the remainder when 249 is divided by 28?
25
What is the remainder when 1662 is divided by 64?
62
Calculate the remainder when 594 is divided by 15.
9
What is the remainder when 405 is divided by 94?
29
Calculate the remainder when 2252 is divided by 40.
12
What is the remainder when 351 is divided by 22?
21
Calculate the remainder when 899 is divided by 47.
6
What is the remainder when 429 is divided by 43?
42
What is the remainder when 47 is divided by 24?
23
What is the remainder when 415 is divided by 76?
35
Calculate the remainder when 152 is divided by 82.
70
What is the remainder when 8339 is divided by 81?
77
What is the remainder when 1004 is divided by 32?
12
Calculate the remainder when 127 is divided by 43.
41
What is the remainder when 1342 is divided by 266?
12
What is the remainder when 491 is divided by 114?
35
What is the remainder when 121 is divided by 33?
22
What is the remainder when 522 is divided by 15?
12
What is the remainder when 324 is divided by 241?
83
What is the remainder when 446 is divided by 50?
46
What is the remainder when 447 is divided by 11?
7
Calculate the remainder when 358 is divided by 93.
79
Calculate the remainder when 888 is divided by 81.
78
What is the remainder when 161 is divided by 155?
6
What is the remainder when 1493 is divided by 146?
33
Calculate the remainder when 126 is divided by 26.
22
Calculate the remainder when 2164 is divided by 152.
36
Calculate the remainder when 131 is divided by 4.
3
Calculate the remainder when 1163 is divided by 386.
5
Calculate the remainder when 2510 is divided by 359.
356
What is the remainder when 8555 is divided by 36?
23
Calculate the remainder when 20477 is divided by 10.
7
Calculate the remainder when 731 is divided by 92.
87
Calculate the remainder when 462 is divided by 30.
12
What is the remainder when 153 is divided by 53?
47
What is the remainder when 1378 is divided by 46?
44
Calculate the remainder when 284 is divided by 7.
4
Calculate the remainder when 1115 is divided by 62.
61
What is the remainder when 1965 is divided by 977?
11
What is the remainder when 90 is divided by 31?
28
Calculate the remainder when 285 is divided by 8.
5
Calculate the remainder when 3358 is divided by 48.
46
What is the remainder when 469 is divided by 142?
43
Calculate the remainder when 34 is divided by 6.
4
What is the remainder when 1352 is divided by 29?
18
Calculate the remainder when 224 is divided by 45.
44
Calculate the remainder when 7357 is divided by 64.
61
What is the remainder when 4 is divided by 3?
1
Calculate the remainder when 230 is divided by 4.
2
What is the remainder when 1238 is divided by 26?
16
Calculate the remainder when 529 is divided by 166.
31
What is the remainder when 35499 is divided by 142?
141
What is the remainder when 3374 is divided by 1120?
14
Calculate the remainder when 4958 is divided by 382.
374
What is the remainder when 3128 is divided by 7?
6
What is the remainder when 13566 is divided by 256?
254
Calculate the remainder when 1756 is divided by 160.
156
Calculate the remainder when 103 is divided by 40.
23
Calculate the remainder when 6514 is divided by 3256.
2
Calculate the remainder when 27687 is divided by 43.
38
What is the remainder when 170 is divided by 49?
23
What is the remainder when 87 is divided by 5?
2
Calculate the remainder when 111 is divided by 27.
3
Calculate the remainder when 129 is divided by 67.
62
Calculate the remainder when 601 is divided by 126.
97
What is the remainder when 247 is divided by 63?
58
Calculate the remainder when 129 is divided by 11.
8
What is th